{"id":58341,"date":"2022-05-18T10:12:24","date_gmt":"2022-05-18T10:12:24","guid":{"rendered":"https:\/\/nuevo.centrocolumbretes.com\/?page_id=58341"},"modified":"2022-06-13T10:52:45","modified_gmt":"2022-06-13T10:52:45","slug":"programas","status":"publish","type":"page","link":"https:\/\/centrocolumbretes.com\/?page_id=58341","title":{"rendered":"Programas"},"content":{"rendered":"<div class=\"wpb-content-wrapper\"><p>[vc_row][vc_column][vc_row_inner][vc_column_inner width=\u00bb2\/3&#8243;]<div id=\"ultimate-heading-192569f1b9a392b0a\" class=\"uvc-heading ult-adjust-bottom-margin ultimate-heading-192569f1b9a392b0a uvc-3931  uvc-heading-default-font-sizes\" data-hspacer=\"no_spacer\"  data-halign=\"center\" style=\"text-align:center\"><div class=\"uvc-heading-spacer no_spacer\" style=\"top\"><\/div><div class=\"uvc-main-heading ult-responsive\"  data-ultimate-target='.uvc-heading.ultimate-heading-192569f1b9a392b0a h2'  data-responsive-json-new='{\"font-size\":\"\",\"line-height\":\"\"}' ><h2 style=\"--font-weight:theme;color:#3b8ced;\">Programa de Aulas Para Mayores<\/h2><\/div><div class=\"uvc-sub-heading ult-responsive\"  data-ultimate-target='.uvc-heading.ultimate-heading-192569f1b9a392b0a .uvc-sub-heading '  data-responsive-json-new='{\"font-size\":\"\",\"line-height\":\"\"}'  style=\"font-weight:normal;\"><\/p>\n<p style=\"text-align: justify;\">El programa \u201c<i>Aulas de Mayores<\/i>\u201d es un programa integral para personas mayores que aglutina una amplia gama de actividades educativas y propuestas socioculturales para la promoci\u00f3n personal y el cuidado de la salud<i>.<\/i><\/p>\n<p><\/div><\/div>[vc_empty_space height=\u00bb16px\u00bb][vc_btn title=\u00bbM\u00e1s Informaci\u00f3n\u00bb style=\u00bbgradient\u00bb gradient_color_1=\u00bborange\u00bb gradient_color_2=\u00bbsandy-brown\u00bb link=\u00bburl:https%3A%2F%2Fcentrocolumbretes.com%2F%3Fpage_id%3D58343&#8243;][vc_empty_space][\/vc_column_inner][vc_column_inner width=\u00bb1\/3&#8243;][vc_single_image image=\u00bb58484&#8243; img_size=\u00bblarge\u00bb alignment=\u00bbcenter\u00bb css_animation=\u00bbfadeIn\u00bb][\/vc_column_inner][\/vc_row_inner][vc_row_inner][vc_column_inner width=\u00bb2\/3&#8243;]<div id=\"ultimate-heading-882769f1b9a392b85\" class=\"uvc-heading ult-adjust-bottom-margin ultimate-heading-882769f1b9a392b85 uvc-8339  uvc-heading-default-font-sizes\" data-hspacer=\"no_spacer\"  data-halign=\"center\" style=\"text-align:center\"><div class=\"uvc-heading-spacer no_spacer\" style=\"top\"><\/div><div class=\"uvc-main-heading ult-responsive\"  data-ultimate-target='.uvc-heading.ultimate-heading-882769f1b9a392b85 h2'  data-responsive-json-new='{\"font-size\":\"\",\"line-height\":\"\"}' ><h2 style=\"--font-weight:theme;color:#357ed5;\">Programa de Participaci\u00f3n e Inclusi\u00f3n Social<\/h2><\/div><div class=\"uvc-sub-heading ult-responsive\"  data-ultimate-target='.uvc-heading.ultimate-heading-882769f1b9a392b85 .uvc-sub-heading '  data-responsive-json-new='{\"font-size\":\"\",\"line-height\":\"\"}'  style=\"font-weight:normal;\"><\/p>\n<p style=\"text-align: justify;\">Programa integrado por actividades y talleres dirigidos al desarrollo de habilidades sociales, al fomento de la autonom\u00eda personal, a la organizaci\u00f3n de encuentros intercentros, colaboraci\u00f3n con entidades y agentes sociales.<\/p>\n<p><\/div><\/div>[vc_empty_space height=\u00bb16px\u00bb][vc_btn title=\u00bbM\u00e1s Informaci\u00f3n\u00bb style=\u00bbgradient\u00bb gradient_color_1=\u00bborange\u00bb gradient_color_2=\u00bbsandy-brown\u00bb link=\u00bburl:https%3A%2F%2Fcentrocolumbretes.com%2F%3Fpage_id%3D58350&#8243;][vc_empty_space][\/vc_column_inner][vc_column_inner width=\u00bb1\/3&#8243;][vc_single_image image=\u00bb58483&#8243; img_size=\u00bblarge\u00bb alignment=\u00bbcenter\u00bb css_animation=\u00bbfadeIn\u00bb][\/vc_column_inner][\/vc_row_inner][vc_row_inner][vc_column_inner width=\u00bb2\/3&#8243;]<div id=\"ultimate-heading-669469f1b9a392bc2\" class=\"uvc-heading ult-adjust-bottom-margin ultimate-heading-669469f1b9a392bc2 uvc-1446  uvc-heading-default-font-sizes\" data-hspacer=\"no_spacer\"  data-halign=\"center\" style=\"text-align:center\"><div class=\"uvc-heading-spacer no_spacer\" style=\"top\"><\/div><div class=\"uvc-main-heading ult-responsive\"  data-ultimate-target='.uvc-heading.ultimate-heading-669469f1b9a392bc2 h2'  data-responsive-json-new='{\"font-size\":\"\",\"line-height\":\"\"}' ><h2 style=\"--font-weight:theme;color:#357ed5;\">M\u00f3dulo de Extensi\u00f3n Cultural<\/h2><\/div><div class=\"uvc-sub-heading ult-responsive\"  data-ultimate-target='.uvc-heading.ultimate-heading-669469f1b9a392bc2 .uvc-sub-heading '  data-responsive-json-new='{\"font-size\":\"\",\"line-height\":\"\"}'  style=\"font-weight:normal;\"><\/p>\n<p style=\"text-align: justify;\">Espacio abierto de relaci\u00f3n de las personas mayores con su entorno social y cultural trabajando la socializaci\u00f3n, la integraci\u00f3n y las relaciones sociales.<\/p>\n<p><\/div><\/div>[vc_empty_space height=\u00bb16px\u00bb][vc_btn title=\u00bbM\u00e1s Informaci\u00f3n\u00bb style=\u00bbgradient\u00bb gradient_color_1=\u00bborange\u00bb gradient_color_2=\u00bbsandy-brown\u00bb link=\u00bburl:https%3A%2F%2Fcentrocolumbretes.com%2F%3Fpage_id%3D58351&#8243;][\/vc_column_inner][vc_column_inner width=\u00bb1\/3&#8243;][vc_single_image image=\u00bb58481&#8243; img_size=\u00bblarge\u00bb alignment=\u00bbcenter\u00bb css_animation=\u00bbfadeIn\u00bb][\/vc_column_inner][\/vc_row_inner][\/vc_column][\/vc_row]<\/p>\n<\/div>","protected":false},"excerpt":{"rendered":"<p>[vc_row][vc_column][vc_row_inner][vc_column_inner width=\u00bb2\/3&#8243;][vc_empty_space height=\u00bb16px\u00bb][vc_btn title=\u00bbM\u00e1s Informaci\u00f3n\u00bb style=\u00bbgradient\u00bb gradient_color_1=\u00bborange\u00bb gradient_color_2=\u00bbsandy-brown\u00bb link=\u00bburl:https%3A%2F%2Fcentrocolumbretes.com%2F%3Fpage_id%3D58343&#8243;][vc_empty_space][\/vc_column_inner][vc_column_inner width=\u00bb1\/3&#8243;][vc_single_image image=\u00bb58484&#8243; img_size=\u00bblarge\u00bb alignment=\u00bbcenter\u00bb css_animation=\u00bbfadeIn\u00bb][\/vc_column_inner][\/vc_row_inner][vc_row_inner][vc_column_inner width=\u00bb2\/3&#8243;][vc_empty_space height=\u00bb16px\u00bb][vc_btn title=\u00bbM\u00e1s Informaci\u00f3n\u00bb style=\u00bbgradient\u00bb gradient_color_1=\u00bborange\u00bb gradient_color_2=\u00bbsandy-brown\u00bb link=\u00bburl:https%3A%2F%2Fcentrocolumbretes.com%2F%3Fpage_id%3D58350&#8243;][vc_empty_space][\/vc_column_inner][vc_column_inner width=\u00bb1\/3&#8243;][vc_single_image image=\u00bb58483&#8243; img_size=\u00bblarge\u00bb alignment=\u00bbcenter\u00bb css_animation=\u00bbfadeIn\u00bb][\/vc_column_inner][\/vc_row_inner][vc_row_inner][vc_column_inner width=\u00bb2\/3&#8243;][vc_empty_space height=\u00bb16px\u00bb][vc_btn title=\u00bbM\u00e1s Informaci\u00f3n\u00bb style=\u00bbgradient\u00bb gradient_color_1=\u00bborange\u00bb gradient_color_2=\u00bbsandy-brown\u00bb link=\u00bburl:https%3A%2F%2Fcentrocolumbretes.com%2F%3Fpage_id%3D58351&#8243;][\/vc_column_inner][vc_column_inner width=\u00bb1\/3&#8243;][vc_single_image image=\u00bb58481&#8243; img_size=\u00bblarge\u00bb alignment=\u00bbcenter\u00bb css_animation=\u00bbfadeIn\u00bb][\/vc_column_inner][\/vc_row_inner][\/vc_column][\/vc_row]<\/p>\n","protected":false},"author":1,"featured_media":0,"parent":0,"menu_order":0,"comment_status":"closed","ping_status":"closed","template":"","meta":{"footnotes":""},"class_list":["post-58341","page","type-page","status-publish","hentry","description-off"],"_links":{"self":[{"href":"https:\/\/centrocolumbretes.com\/index.php?rest_route=\/wp\/v2\/pages\/58341","targetHints":{"allow":["GET"]}}],"collection":[{"href":"https:\/\/centrocolumbretes.com\/index.php?rest_route=\/wp\/v2\/pages"}],"about":[{"href":"https:\/\/centrocolumbretes.com\/index.php?rest_route=\/wp\/v2\/types\/page"}],"author":[{"embeddable":true,"href":"https:\/\/centrocolumbretes.com\/index.php?rest_route=\/wp\/v2\/users\/1"}],"replies":[{"embeddable":true,"href":"https:\/\/centrocolumbretes.com\/index.php?rest_route=%2Fwp%2Fv2%2Fcomments&post=58341"}],"version-history":[{"count":12,"href":"https:\/\/centrocolumbretes.com\/index.php?rest_route=\/wp\/v2\/pages\/58341\/revisions"}],"predecessor-version":[{"id":58624,"href":"https:\/\/centrocolumbretes.com\/index.php?rest_route=\/wp\/v2\/pages\/58341\/revisions\/58624"}],"wp:attachment":[{"href":"https:\/\/centrocolumbretes.com\/index.php?rest_route=%2Fwp%2Fv2%2Fmedia&parent=58341"}],"curies":[{"name":"wp","href":"https:\/\/api.w.org\/{rel}","templated":true}]}}

<div class="wpb-content-wrapper"><p>[vc_row][vc_column][vc_row_inner][vc_column_inner width=»2/3&#8243;]<div id="ultimate-heading-192569f1b9a392b0a" class="uvc-heading ult-adjust-bottom-margin ultimate-heading-192569f1b9a392b0a uvc-3931  uvc-heading-default-font-sizes" data-hspacer="no_spacer"  data-halign="center" style="text-align:center"><div class="uvc-heading-spacer no_spacer" style="top"></div><div class="uvc-main-heading ult-responsive"  data-ultimate-target='.uvc-heading.ultimate-heading-192569f1b9a392b0a h2'  data-responsive-json-new='{"font-size":"","line-height":""}' ><h2 style="--font-weight:theme;color:#3b8ced;">Programa de Aulas Para Mayores</h2></div><div class="uvc-sub-heading ult-responsive"  data-ultimate-target='.uvc-heading.ultimate-heading-192569f1b9a392b0a .uvc-sub-heading '  data-responsive-json-new='{"font-size":"","line-height":""}'  style="font-weight:normal;"></p>
<p style="text-align: justify;">El programa “<i>Aulas de Mayores</i>” es un programa integral para personas mayores que aglutina una amplia gama de actividades educativas y propuestas socioculturales para la promoción personal y el cuidado de la salud<i>.</i></p>
<p></div></div>[vc_empty_space height=»16px»][vc_btn title=»Más Información» style=»gradient» gradient_color_1=»orange» gradient_color_2=»sandy-brown» link=»url:https%3A%2F%2Fcentrocolumbretes.com%2F%3Fpage_id%3D58343&#8243;][vc_empty_space][/vc_column_inner][vc_column_inner width=»1/3&#8243;][vc_single_image image=»58484&#8243; img_size=»large» alignment=»center» css_animation=»fadeIn»][/vc_column_inner][/vc_row_inner][vc_row_inner][vc_column_inner width=»2/3&#8243;]<div id="ultimate-heading-882769f1b9a392b85" class="uvc-heading ult-adjust-bottom-margin ultimate-heading-882769f1b9a392b85 uvc-8339  uvc-heading-default-font-sizes" data-hspacer="no_spacer"  data-halign="center" style="text-align:center"><div class="uvc-heading-spacer no_spacer" style="top"></div><div class="uvc-main-heading ult-responsive"  data-ultimate-target='.uvc-heading.ultimate-heading-882769f1b9a392b85 h2'  data-responsive-json-new='{"font-size":"","line-height":""}' ><h2 style="--font-weight:theme;color:#357ed5;">Programa de Participación e Inclusión Social</h2></div><div class="uvc-sub-heading ult-responsive"  data-ultimate-target='.uvc-heading.ultimate-heading-882769f1b9a392b85 .uvc-sub-heading '  data-responsive-json-new='{"font-size":"","line-height":""}'  style="font-weight:normal;"></p>
<p style="text-align: justify;">Programa integrado por actividades y talleres dirigidos al desarrollo de habilidades sociales, al fomento de la autonomía personal, a la organización de encuentros intercentros, colaboración con entidades y agentes sociales.</p>
<p></div></div>[vc_empty_space height=»16px»][vc_btn title=»Más Información» style=»gradient» gradient_color_1=»orange» gradient_color_2=»sandy-brown» link=»url:https%3A%2F%2Fcentrocolumbretes.com%2F%3Fpage_id%3D58350&#8243;][vc_empty_space][/vc_column_inner][vc_column_inner width=»1/3&#8243;][vc_single_image image=»58483&#8243; img_size=»large» alignment=»center» css_animation=»fadeIn»][/vc_column_inner][/vc_row_inner][vc_row_inner][vc_column_inner width=»2/3&#8243;]<div id="ultimate-heading-669469f1b9a392bc2" class="uvc-heading ult-adjust-bottom-margin ultimate-heading-669469f1b9a392bc2 uvc-1446  uvc-heading-default-font-sizes" data-hspacer="no_spacer"  data-halign="center" style="text-align:center"><div class="uvc-heading-spacer no_spacer" style="top"></div><div class="uvc-main-heading ult-responsive"  data-ultimate-target='.uvc-heading.ultimate-heading-669469f1b9a392bc2 h2'  data-responsive-json-new='{"font-size":"","line-height":""}' ><h2 style="--font-weight:theme;color:#357ed5;">Módulo de Extensión Cultural</h2></div><div class="uvc-sub-heading ult-responsive"  data-ultimate-target='.uvc-heading.ultimate-heading-669469f1b9a392bc2 .uvc-sub-heading '  data-responsive-json-new='{"font-size":"","line-height":""}'  style="font-weight:normal;"></p>
<p style="text-align: justify;">Espacio abierto de relación de las personas mayores con su entorno social y cultural trabajando la socialización, la integración y las relaciones sociales.</p>
<p></div></div>[vc_empty_space height=»16px»][vc_btn title=»Más Información» style=»gradient» gradient_color_1=»orange» gradient_color_2=»sandy-brown» link=»url:https%3A%2F%2Fcentrocolumbretes.com%2F%3Fpage_id%3D58351&#8243;][/vc_column_inner][vc_column_inner width=»1/3&#8243;][vc_single_image image=»58481&#8243; img_size=»large» alignment=»center» css_animation=»fadeIn»][/vc_column_inner][/vc_row_inner][/vc_column][/vc_row]</p>
</div>

<p>[vc_row][vc_column][vc_row_inner][vc_column_inner width=»2/3&#8243;][vc_empty_space height=»16px»][vc_btn title=»Más Información» style=»gradient» gradient_color_1=»orange» gradient_color_2=»sandy-brown» link=»url:https%3A%2F%2Fcentrocolumbretes.com%2F%3Fpage_id%3D58343&#8243;][vc_empty_space][/vc_column_inner][vc_column_inner width=»1/3&#8243;][vc_single_image image=»58484&#8243; img_size=»large» alignment=»center» css_animation=»fadeIn»][/vc_column_inner][/vc_row_inner][vc_row_inner][vc_column_inner width=»2/3&#8243;][vc_empty_space height=»16px»][vc_btn title=»Más Información» style=»gradient» gradient_color_1=»orange» gradient_color_2=»sandy-brown» link=»url:https%3A%2F%2Fcentrocolumbretes.com%2F%3Fpage_id%3D58350&#8243;][vc_empty_space][/vc_column_inner][vc_column_inner width=»1/3&#8243;][vc_single_image image=»58483&#8243; img_size=»large» alignment=»center» css_animation=»fadeIn»][/vc_column_inner][/vc_row_inner][vc_row_inner][vc_column_inner width=»2/3&#8243;][vc_empty_space height=»16px»][vc_btn title=»Más Información» style=»gradient» gradient_color_1=»orange» gradient_color_2=»sandy-brown» link=»url:https%3A%2F%2Fcentrocolumbretes.com%2F%3Fpage_id%3D58351&#8243;][/vc_column_inner][vc_column_inner width=»1/3&#8243;][vc_single_image image=»58481&#8243; img_size=»large» alignment=»center» css_animation=»fadeIn»][/vc_column_inner][/vc_row_inner][/vc_column][/vc_row]</p>
