{"id":58343,"date":"2022-05-18T10:13:59","date_gmt":"2022-05-18T10:13:59","guid":{"rendered":"https:\/\/nuevo.centrocolumbretes.com\/?page_id=58343"},"modified":"2023-09-18T11:16:16","modified_gmt":"2023-09-18T11:16:16","slug":"programa-de-aulas-de-mayores","status":"publish","type":"page","link":"https:\/\/centrocolumbretes.com\/?page_id=58343","title":{"rendered":"Programa de Aulas de Mayores"},"content":{"rendered":"<div class=\"wpb-content-wrapper\"><p>[vc_row][vc_column]<div id=\"ultimate-heading-427769f2f0a1f3d24\" class=\"uvc-heading ult-adjust-bottom-margin ultimate-heading-427769f2f0a1f3d24 uvc-5066  uvc-heading-default-font-sizes\" data-hspacer=\"no_spacer\"  data-halign=\"center\" style=\"text-align:center\"><div class=\"uvc-heading-spacer no_spacer\" style=\"top\"><\/div><div class=\"uvc-main-heading ult-responsive\"  data-ultimate-target='.uvc-heading.ultimate-heading-427769f2f0a1f3d24 h2'  data-responsive-json-new='{\"font-size\":\"\",\"line-height\":\"\"}' ><h2 style=\"--font-weight:theme;color:#2e8cc2;\">Programa de Aulas de Mayores<\/h2><\/div><\/div>[vc_empty_space][vc_column_text]<\/p>\n<p style=\"text-align: justify;\">El programa \u201c<i>Aulas de Mayores<\/i>\u201d es un programa integral para personas mayores que aglutina una amplia gama de actividades educativas y propuestas socioculturales para la promoci\u00f3n personal y el cuidado de la salud<i>.<\/i><\/p>\n<p style=\"text-align: justify;\">Ejecuci\u00f3n: del 15 de octubre al 15 de diciembre y del 15 de enero al 31 de mayo.<\/p>\n<p style=\"text-align: justify;\">(Seguir\u00e1 el calendario por curso escolar publicado por la Conseller\u00eda de Educaci\u00f3n, Cultura y Deporte).<\/p>\n<p style=\"text-align: justify;\">La participaci\u00f3n en cualquier actividad del programa \u201cAulas de Mayores\u201d estar\u00e1 sujeta al abono de los precios p\u00fablicos establecidos en la Ordenanza de Precios P\u00fablicos por la prestaci\u00f3n de servicios o realizaci\u00f3n de actividades por el \u00c1rea de Servicios a la Ciudadan\u00eda vigente, excepto el m\u00f3dulo de Extensi\u00f3n cultural que no estar\u00e1n sujetas al abono de precio p\u00fablico al tratarse de actividades cuya realizaci\u00f3n no se prolongar\u00e1 durante todo el curso lectivo.<\/p>\n<p>[\/vc_column_text][vc_single_image image=\u00bb58801&#8243; img_size=\u00bblarge\u00bb alignment=\u00bbcenter\u00bb][\/vc_column][\/vc_row][vc_row full_width=\u00bbstretch_row\u00bb bg_type=\u00bbbg_color\u00bb css=\u00bb.vc_custom_1657273054302{margin-top: 30px !important;padding-top: 30px !important;padding-bottom: 60px !important;}\u00bb bg_color_value=\u00bb#0087c9&#8243;][vc_column]<div id=\"ultimate-heading-901969f2f0a1f3d87\" class=\"uvc-heading ult-adjust-bottom-margin ultimate-heading-901969f2f0a1f3d87 uvc-3010  uvc-heading-default-font-sizes\" data-hspacer=\"no_spacer\"  data-halign=\"center\" style=\"text-align:center\"><div class=\"uvc-heading-spacer no_spacer\" style=\"top\"><\/div><div class=\"uvc-main-heading ult-responsive\"  data-ultimate-target='.uvc-heading.ultimate-heading-901969f2f0a1f3d87 h2'  data-responsive-json-new='{\"font-size\":\"\",\"line-height\":\"\"}' ><h2 style=\"--font-weight:theme;color:#ffffff;\">M\u00f3dulos del Programa<\/h2><\/div><\/div>[\/vc_column][\/vc_row][vc_row css=\u00bb.vc_custom_1657272713010{margin-top: 30px !important;}\u00bb][vc_column][vc_row_inner][vc_column_inner width=\u00bb1\/3&#8243;]<div id=\"ultimate-heading-428369f2f0a1f3dd9\" class=\"uvc-heading ult-adjust-bottom-margin ultimate-heading-428369f2f0a1f3dd9 uvc-3006 \" data-hspacer=\"no_spacer\"  data-halign=\"center\" style=\"text-align:center\"><div class=\"uvc-heading-spacer no_spacer\" style=\"top\"><\/div><div class=\"uvc-main-heading ult-responsive\"  data-ultimate-target='.uvc-heading.ultimate-heading-428369f2f0a1f3dd9 h2'  data-responsive-json-new='{\"font-size\":\"desktop:20px;\",\"line-height\":\"\"}' ><h2 style=\"font-weight:bold;color:#0a0a0a;\">M\u00f3dulo de Actividades art\u00edsticas y creativas<\/h2><\/div><\/div>[vc_empty_space height=\u00bb20px\u00bb][vc_single_image image=\u00bb58452&#8243; img_size=\u00bbmedium\u00bb alignment=\u00bbcenter\u00bb][vc_empty_space height=\u00bb10px\u00bb][vc_column_text]<\/p>\n<p style=\"text-align: center;\">Promover un espacio abierto a la creaci\u00f3n que permita apreciar la importancia del lenguaje art\u00edstico como medio de expresi\u00f3n cultural.<\/p>\n<p>[\/vc_column_text][vc_empty_space height=\u00bb20px\u00bb][vc_btn title=\u00bbM\u00e1s Informaci\u00f3n\u00bb style=\u00bbgradient\u00bb gradient_color_1=\u00bborange\u00bb gradient_color_2=\u00bbsandy-brown\u00bb align=\u00bbcenter\u00bb link=\u00bburl:https%3A%2F%2Fcentrocolumbretes.com%2F%3Fpage_id%3D58347&#8243;][\/vc_column_inner][vc_column_inner width=\u00bb1\/3&#8243;]<div id=\"ultimate-heading-860769f2f0a1f3e13\" class=\"uvc-heading ult-adjust-bottom-margin ultimate-heading-860769f2f0a1f3e13 uvc-8266 \" data-hspacer=\"no_spacer\"  data-halign=\"center\" style=\"text-align:center\"><div class=\"uvc-heading-spacer no_spacer\" style=\"top\"><\/div><div class=\"uvc-main-heading ult-responsive\"  data-ultimate-target='.uvc-heading.ultimate-heading-860769f2f0a1f3e13 h2'  data-responsive-json-new='{\"font-size\":\"desktop:20px;\",\"line-height\":\"\"}' ><h2 style=\"font-weight:bold;color:#000000;\">M\u00f3dulo de Ciencias y Humanidades<\/h2><\/div><\/div>[vc_empty_space height=\u00bb40px\u00bb][vc_single_image image=\u00bb58451&#8243; img_size=\u00bbmedium\u00bb alignment=\u00bbcenter\u00bb][vc_empty_space height=\u00bb10px\u00bb][vc_column_text]<\/p>\n<p style=\"text-align: center;\">Espacio abierto a la formaci\u00f3n, con el objetivo de incrementar el nivel educativo y cultural de las personas participantes.<\/p>\n<p>[\/vc_column_text][vc_empty_space height=\u00bb25px\u00bb][vc_btn title=\u00bbM\u00e1s Informaci\u00f3n\u00bb style=\u00bbgradient\u00bb gradient_color_1=\u00bborange\u00bb gradient_color_2=\u00bbsandy-brown\u00bb align=\u00bbcenter\u00bb link=\u00bburl:https%3A%2F%2Fcentrocolumbretes.com%2F%3Fpage_id%3D58348&#8243;][\/vc_column_inner][vc_column_inner width=\u00bb1\/3&#8243;]<div id=\"ultimate-heading-799269f2f0a1f3e4b\" class=\"uvc-heading ult-adjust-bottom-margin ultimate-heading-799269f2f0a1f3e4b uvc-8825 \" data-hspacer=\"no_spacer\"  data-halign=\"center\" style=\"text-align:center\"><div class=\"uvc-heading-spacer no_spacer\" style=\"top\"><\/div><div class=\"uvc-main-heading ult-responsive\"  data-ultimate-target='.uvc-heading.ultimate-heading-799269f2f0a1f3e4b h2'  data-responsive-json-new='{\"font-size\":\"desktop:20px;\",\"line-height\":\"\"}' ><h2 style=\"font-weight:bold;color:#000000;\">M\u00f3dulo de Desarrollo Psicomotriz<\/h2><\/div><\/div>[vc_empty_space height=\u00bb40px\u00bb][vc_single_image image=\u00bb58451&#8243; img_size=\u00bbmedium\u00bb alignment=\u00bbcenter\u00bb][vc_empty_space height=\u00bb15px\u00bb][vc_column_text]<\/p>\n<p style=\"text-align: center;\">Espacio para propiciar la correcta aplicaci\u00f3n de la actividad motriz.<\/p>\n<p>[\/vc_column_text][vc_empty_space height=\u00bb52px\u00bb][vc_btn title=\u00bbM\u00e1s Informaci\u00f3n\u00bb style=\u00bbgradient\u00bb gradient_color_1=\u00bborange\u00bb gradient_color_2=\u00bbsandy-brown\u00bb align=\u00bbcenter\u00bb link=\u00bburl:https%3A%2F%2Fcentrocolumbretes.com%2F%3Fpage_id%3D58349&#8243;][\/vc_column_inner][\/vc_row_inner][\/vc_column][\/vc_row][vc_row][vc_column][\/vc_column][\/vc_row]<\/p>\n<\/div>","protected":false},"excerpt":{"rendered":"<p>[vc_row][vc_column][vc_empty_space][vc_column_text] El programa \u201cAulas de Mayores\u201d es un programa integral para personas mayores que aglutina una amplia gama de actividades educativas y propuestas socioculturales para la promoci\u00f3n personal y el cuidado de la salud. Ejecuci\u00f3n: del 15 de octubre al 15 de diciembre y del 15 de enero al 31 de mayo. (Seguir\u00e1 el calendario&hellip;<\/p>\n","protected":false},"author":1,"featured_media":0,"parent":0,"menu_order":0,"comment_status":"closed","ping_status":"closed","template":"","meta":{"footnotes":""},"class_list":["post-58343","page","type-page","status-publish","hentry","description-off"],"_links":{"self":[{"href":"https:\/\/centrocolumbretes.com\/index.php?rest_route=\/wp\/v2\/pages\/58343","targetHints":{"allow":["GET"]}}],"collection":[{"href":"https:\/\/centrocolumbretes.com\/index.php?rest_route=\/wp\/v2\/pages"}],"about":[{"href":"https:\/\/centrocolumbretes.com\/index.php?rest_route=\/wp\/v2\/types\/page"}],"author":[{"embeddable":true,"href":"https:\/\/centrocolumbretes.com\/index.php?rest_route=\/wp\/v2\/users\/1"}],"replies":[{"embeddable":true,"href":"https:\/\/centrocolumbretes.com\/index.php?rest_route=%2Fwp%2Fv2%2Fcomments&post=58343"}],"version-history":[{"count":20,"href":"https:\/\/centrocolumbretes.com\/index.php?rest_route=\/wp\/v2\/pages\/58343\/revisions"}],"predecessor-version":[{"id":58809,"href":"https:\/\/centrocolumbretes.com\/index.php?rest_route=\/wp\/v2\/pages\/58343\/revisions\/58809"}],"wp:attachment":[{"href":"https:\/\/centrocolumbretes.com\/index.php?rest_route=%2Fwp%2Fv2%2Fmedia&parent=58343"}],"curies":[{"name":"wp","href":"https:\/\/api.w.org\/{rel}","templated":true}]}}

<div class="wpb-content-wrapper"><p>[vc_row][vc_column]<div id="ultimate-heading-427769f2f0a1f3d24" class="uvc-heading ult-adjust-bottom-margin ultimate-heading-427769f2f0a1f3d24 uvc-5066  uvc-heading-default-font-sizes" data-hspacer="no_spacer"  data-halign="center" style="text-align:center"><div class="uvc-heading-spacer no_spacer" style="top"></div><div class="uvc-main-heading ult-responsive"  data-ultimate-target='.uvc-heading.ultimate-heading-427769f2f0a1f3d24 h2'  data-responsive-json-new='{"font-size":"","line-height":""}' ><h2 style="--font-weight:theme;color:#2e8cc2;">Programa de Aulas de Mayores</h2></div></div>[vc_empty_space][vc_column_text]</p>
<p style="text-align: justify;">El programa “<i>Aulas de Mayores</i>” es un programa integral para personas mayores que aglutina una amplia gama de actividades educativas y propuestas socioculturales para la promoción personal y el cuidado de la salud<i>.</i></p>
<p style="text-align: justify;">Ejecución: del 15 de octubre al 15 de diciembre y del 15 de enero al 31 de mayo.</p>
<p style="text-align: justify;">(Seguirá el calendario por curso escolar publicado por la Consellería de Educación, Cultura y Deporte).</p>
<p style="text-align: justify;">La participación en cualquier actividad del programa “Aulas de Mayores” estará sujeta al abono de los precios públicos establecidos en la Ordenanza de Precios Públicos por la prestación de servicios o realización de actividades por el Área de Servicios a la Ciudadanía vigente, excepto el módulo de Extensión cultural que no estarán sujetas al abono de precio público al tratarse de actividades cuya realización no se prolongará durante todo el curso lectivo.</p>
<p>[/vc_column_text][vc_single_image image=»58801&#8243; img_size=»large» alignment=»center»][/vc_column][/vc_row][vc_row full_width=»stretch_row» bg_type=»bg_color» css=».vc_custom_1657273054302{margin-top: 30px !important;padding-top: 30px !important;padding-bottom: 60px !important;}» bg_color_value=»#0087c9&#8243;][vc_column]<div id="ultimate-heading-901969f2f0a1f3d87" class="uvc-heading ult-adjust-bottom-margin ultimate-heading-901969f2f0a1f3d87 uvc-3010  uvc-heading-default-font-sizes" data-hspacer="no_spacer"  data-halign="center" style="text-align:center"><div class="uvc-heading-spacer no_spacer" style="top"></div><div class="uvc-main-heading ult-responsive"  data-ultimate-target='.uvc-heading.ultimate-heading-901969f2f0a1f3d87 h2'  data-responsive-json-new='{"font-size":"","line-height":""}' ><h2 style="--font-weight:theme;color:#ffffff;">Módulos del Programa</h2></div></div>[/vc_column][/vc_row][vc_row css=».vc_custom_1657272713010{margin-top: 30px !important;}»][vc_column][vc_row_inner][vc_column_inner width=»1/3&#8243;]<div id="ultimate-heading-428369f2f0a1f3dd9" class="uvc-heading ult-adjust-bottom-margin ultimate-heading-428369f2f0a1f3dd9 uvc-3006 " data-hspacer="no_spacer"  data-halign="center" style="text-align:center"><div class="uvc-heading-spacer no_spacer" style="top"></div><div class="uvc-main-heading ult-responsive"  data-ultimate-target='.uvc-heading.ultimate-heading-428369f2f0a1f3dd9 h2'  data-responsive-json-new='{"font-size":"desktop:20px;","line-height":""}' ><h2 style="font-weight:bold;color:#0a0a0a;">Módulo de Actividades artísticas y creativas</h2></div></div>[vc_empty_space height=»20px»][vc_single_image image=»58452&#8243; img_size=»medium» alignment=»center»][vc_empty_space height=»10px»][vc_column_text]</p>
<p style="text-align: center;">Promover un espacio abierto a la creación que permita apreciar la importancia del lenguaje artístico como medio de expresión cultural.</p>
<p>[/vc_column_text][vc_empty_space height=»20px»][vc_btn title=»Más Información» style=»gradient» gradient_color_1=»orange» gradient_color_2=»sandy-brown» align=»center» link=»url:https%3A%2F%2Fcentrocolumbretes.com%2F%3Fpage_id%3D58347&#8243;][/vc_column_inner][vc_column_inner width=»1/3&#8243;]<div id="ultimate-heading-860769f2f0a1f3e13" class="uvc-heading ult-adjust-bottom-margin ultimate-heading-860769f2f0a1f3e13 uvc-8266 " data-hspacer="no_spacer"  data-halign="center" style="text-align:center"><div class="uvc-heading-spacer no_spacer" style="top"></div><div class="uvc-main-heading ult-responsive"  data-ultimate-target='.uvc-heading.ultimate-heading-860769f2f0a1f3e13 h2'  data-responsive-json-new='{"font-size":"desktop:20px;","line-height":""}' ><h2 style="font-weight:bold;color:#000000;">Módulo de Ciencias y Humanidades</h2></div></div>[vc_empty_space height=»40px»][vc_single_image image=»58451&#8243; img_size=»medium» alignment=»center»][vc_empty_space height=»10px»][vc_column_text]</p>
<p style="text-align: center;">Espacio abierto a la formación, con el objetivo de incrementar el nivel educativo y cultural de las personas participantes.</p>
<p>[/vc_column_text][vc_empty_space height=»25px»][vc_btn title=»Más Información» style=»gradient» gradient_color_1=»orange» gradient_color_2=»sandy-brown» align=»center» link=»url:https%3A%2F%2Fcentrocolumbretes.com%2F%3Fpage_id%3D58348&#8243;][/vc_column_inner][vc_column_inner width=»1/3&#8243;]<div id="ultimate-heading-799269f2f0a1f3e4b" class="uvc-heading ult-adjust-bottom-margin ultimate-heading-799269f2f0a1f3e4b uvc-8825 " data-hspacer="no_spacer"  data-halign="center" style="text-align:center"><div class="uvc-heading-spacer no_spacer" style="top"></div><div class="uvc-main-heading ult-responsive"  data-ultimate-target='.uvc-heading.ultimate-heading-799269f2f0a1f3e4b h2'  data-responsive-json-new='{"font-size":"desktop:20px;","line-height":""}' ><h2 style="font-weight:bold;color:#000000;">Módulo de Desarrollo Psicomotriz</h2></div></div>[vc_empty_space height=»40px»][vc_single_image image=»58451&#8243; img_size=»medium» alignment=»center»][vc_empty_space height=»15px»][vc_column_text]</p>
<p style="text-align: center;">Espacio para propiciar la correcta aplicación de la actividad motriz.</p>
<p>[/vc_column_text][vc_empty_space height=»52px»][vc_btn title=»Más Información» style=»gradient» gradient_color_1=»orange» gradient_color_2=»sandy-brown» align=»center» link=»url:https%3A%2F%2Fcentrocolumbretes.com%2F%3Fpage_id%3D58349&#8243;][/vc_column_inner][/vc_row_inner][/vc_column][/vc_row][vc_row][vc_column][/vc_column][/vc_row]</p>
</div>

<p>[vc_row][vc_column][vc_empty_space][vc_column_text] El programa “Aulas de Mayores” es un programa integral para personas mayores que aglutina una amplia gama de actividades educativas y propuestas socioculturales para la promoción personal y el cuidado de la salud. Ejecución: del 15 de octubre al 15 de diciembre y del 15 de enero al 31 de mayo. (Seguirá el calendario&hellip;</p>
