{"id":58350,"date":"2022-05-18T10:15:31","date_gmt":"2022-05-18T10:15:31","guid":{"rendered":"https:\/\/nuevo.centrocolumbretes.com\/?page_id=58350"},"modified":"2022-06-01T11:50:32","modified_gmt":"2022-06-01T11:50:32","slug":"programa-de-participacion-e-inclusion-social","status":"publish","type":"page","link":"https:\/\/centrocolumbretes.com\/?page_id=58350","title":{"rendered":"Programa de Participaci\u00f3n e Inclusi\u00f3n Social"},"content":{"rendered":"<div class=\"wpb-content-wrapper\"><p>[vc_row][vc_column]<div id=\"ultimate-heading-53769f3a22f0e60b\" class=\"uvc-heading ult-adjust-bottom-margin ultimate-heading-53769f3a22f0e60b uvc-9996  uvc-heading-default-font-sizes\" data-hspacer=\"no_spacer\"  data-halign=\"center\" style=\"text-align:center\"><div class=\"uvc-heading-spacer no_spacer\" style=\"top\"><\/div><div class=\"uvc-main-heading ult-responsive\"  data-ultimate-target='.uvc-heading.ultimate-heading-53769f3a22f0e60b h2'  data-responsive-json-new='{\"font-size\":\"\",\"line-height\":\"\"}' ><h2 style=\"--font-weight:theme;\">Programa de Participaci\u00f3n e Inclusi\u00f3n Social<\/h2><\/div><\/div>[vc_empty_space][vc_column_text]Se desarrollar\u00e1n a lo largo de todo el a\u00f1o natural.<\/p>\n<p>Programa integrado por actividades y talleres dirigidos al desarrollo de habilidades sociales, al fomento de la autonom\u00eda personal, a la organizaci\u00f3n de encuentros intercentros, colaboraci\u00f3n con entidades y agentes sociales, dirigidos a visibilizar la acci\u00f3n social de las personas mayores, la toma de conciencia acerca de los problemas que les afectan de manera especial, su integraci\u00f3n en la comunidad y el reconocimiento de sus aportaciones y potencialidades.[\/vc_column_text][\/vc_column][\/vc_row]<\/p>\n<\/div>","protected":false},"excerpt":{"rendered":"<p>[vc_row][vc_column][vc_empty_space][vc_column_text]Se desarrollar\u00e1n a lo largo de todo el a\u00f1o natural. Programa integrado por actividades y talleres dirigidos al desarrollo de habilidades sociales, al fomento de la autonom\u00eda personal, a la organizaci\u00f3n de encuentros intercentros, colaboraci\u00f3n con entidades y agentes sociales, dirigidos a visibilizar la acci\u00f3n social de las personas mayores, la toma de conciencia acerca&hellip;<\/p>\n","protected":false},"author":1,"featured_media":0,"parent":0,"menu_order":0,"comment_status":"closed","ping_status":"closed","template":"","meta":{"footnotes":""},"class_list":["post-58350","page","type-page","status-publish","hentry","description-off"],"_links":{"self":[{"href":"https:\/\/centrocolumbretes.com\/index.php?rest_route=\/wp\/v2\/pages\/58350","targetHints":{"allow":["GET"]}}],"collection":[{"href":"https:\/\/centrocolumbretes.com\/index.php?rest_route=\/wp\/v2\/pages"}],"about":[{"href":"https:\/\/centrocolumbretes.com\/index.php?rest_route=\/wp\/v2\/types\/page"}],"author":[{"embeddable":true,"href":"https:\/\/centrocolumbretes.com\/index.php?rest_route=\/wp\/v2\/users\/1"}],"replies":[{"embeddable":true,"href":"https:\/\/centrocolumbretes.com\/index.php?rest_route=%2Fwp%2Fv2%2Fcomments&post=58350"}],"version-history":[{"count":6,"href":"https:\/\/centrocolumbretes.com\/index.php?rest_route=\/wp\/v2\/pages\/58350\/revisions"}],"predecessor-version":[{"id":58497,"href":"https:\/\/centrocolumbretes.com\/index.php?rest_route=\/wp\/v2\/pages\/58350\/revisions\/58497"}],"wp:attachment":[{"href":"https:\/\/centrocolumbretes.com\/index.php?rest_route=%2Fwp%2Fv2%2Fmedia&parent=58350"}],"curies":[{"name":"wp","href":"https:\/\/api.w.org\/{rel}","templated":true}]}}

Programa de Participación e Inclusión Social

<div class="wpb-content-wrapper"><p>[vc_row][vc_column]<div id="ultimate-heading-53769f3a22f0e60b" class="uvc-heading ult-adjust-bottom-margin ultimate-heading-53769f3a22f0e60b uvc-9996  uvc-heading-default-font-sizes" data-hspacer="no_spacer"  data-halign="center" style="text-align:center"><div class="uvc-heading-spacer no_spacer" style="top"></div><div class="uvc-main-heading ult-responsive"  data-ultimate-target='.uvc-heading.ultimate-heading-53769f3a22f0e60b h2'  data-responsive-json-new='{"font-size":"","line-height":""}' ><h2 style="--font-weight:theme;">Programa de Participación e Inclusión Social</h2></div></div>[vc_empty_space][vc_column_text]Se desarrollarán a lo largo de todo el año natural.</p>
<p>Programa integrado por actividades y talleres dirigidos al desarrollo de habilidades sociales, al fomento de la autonomía personal, a la organización de encuentros intercentros, colaboración con entidades y agentes sociales, dirigidos a visibilizar la acción social de las personas mayores, la toma de conciencia acerca de los problemas que les afectan de manera especial, su integración en la comunidad y el reconocimiento de sus aportaciones y potencialidades.[/vc_column_text][/vc_column][/vc_row]</p>
</div>

<p>[vc_row][vc_column][vc_empty_space][vc_column_text]Se desarrollarán a lo largo de todo el año natural. Programa integrado por actividades y talleres dirigidos al desarrollo de habilidades sociales, al fomento de la autonomía personal, a la organización de encuentros intercentros, colaboración con entidades y agentes sociales, dirigidos a visibilizar la acción social de las personas mayores, la toma de conciencia acerca&hellip;</p>
